 {"id":4021,"date":"2026-03-12T16:58:44","date_gmt":"2026-03-12T15:58:44","guid":{"rendered":"https:\/\/www.lepingalant.com\/en\/?post_type=event&#038;p=4021"},"modified":"2026-03-18T15:44:55","modified_gmt":"2026-03-18T14:44:55","slug":"polifonia-eliane-lavail-dvorak","status":"publish","type":"event","link":"https:\/\/www.lepingalant.com\/fr\/evenement\/polifonia-eliane-lavail-dvorak\/","title":{"rendered":"Polifonia Eliane Lavail"},"featured_media":0,"template":"","acf":{"event_code":"event-69b2dfddc5b0e","image_cover":{"id":4025,"url":"https:\/\/www.lepingalant.com\/wp-content\/uploads\/25\/2026\/03\/Stabat-Dvorak-A3-Pin-Galant.jpg","title":"Stabat Dvorak A3-Pin Galant","alt":"","sizes":{"thumbnail":"https:\/\/www.lepingalant.com\/wp-content\/uploads\/25\/2026\/03\/Stabat-Dvorak-A3-Pin-Galant-150x150.jpg","medium":"https:\/\/www.lepingalant.com\/wp-content\/uploads\/25\/2026\/03\/Stabat-Dvorak-A3-Pin-Galant-212x300.jpg","large":"https:\/\/www.lepingalant.com\/wp-content\/uploads\/25\/2026\/03\/Stabat-Dvorak-A3-Pin-Galant-724x1024.jpg","full":"https:\/\/www.lepingalant.com\/wp-content\/uploads\/25\/2026\/03\/Stabat-Dvorak-A3-Pin-Galant.jpg"},"width":1414,"height":2000},"informations_pratiques":{"icon":704,"title":"Informations pratiques","description":"<p>Les Tarifs :<\/p>\n<ul>\n<li><strong>Carr\u00e9 Or 32\u20ac\u00a0<\/strong><\/li>\n<li><strong>Tarif normal 26\u20ac\u00a0<\/strong><\/li>\n<li><strong>Tarif r\u00e9duit (-26 ans, demandeurs d&#8217;emploi et accompagnants PMR) : 13\u20ac\u00a0 \u00a0 <\/strong><\/li>\n<\/ul>\n","button":[{"link":{"title":"Acc\u00e8s &amp; parking","url":"https:\/\/www.lepingalant.com\/acces-parking\/","target":""}},{"link":{"title":"Bar &amp; Restauration","url":"https:\/\/www.lepingalant.com\/bar-restauration\/","target":""}},{"link":{"title":"Consignes de s\u00e9curit\u00e9","url":"https:\/\/www.lepingalant.com\/consignes-de-securite\/","target":""}},{"link":""}]},"about_us":{"title":"\u00c0 propos","description":"<p>On lui doit des tubes mondialement connus et sa symphonie n\u00b0 9 \u00ab Du nouveau Monde \u00bb a m\u00eame inspir\u00e9 des stars de la pop comme Gainsbourg. La musique d\u2019Antonin Dvorak, avec ses sons envoutants et ses longues lignes m\u00e9lodiques est aussi accessible que lyrique. Son c\u00e9l\u00e8bre <strong><em>Stabat Mater <\/em><\/strong><em>en<\/em> est un exemple mais il se fait rare sur les grandes sc\u00e8nes en France.<\/p>\n<p>&nbsp;<\/p>\n<p>Dvorak immerge son public dans l\u2019\u00e9motion d\u2019une musique sacr\u00e9e aux accents profond\u00e9ment humains. Compos\u00e9 dans la douleur de la perte de ses trois enfants entre 1875 et 1877, le Stabat Mater lui permit de faire entendre sa profonde tristesse et, en m\u00eame temps, de la sublimer dans une expression musicale aussi sensible que nuanc\u00e9e. A travers le sujet de la m\u00e8re du Christ qui pleure son fils clou\u00e9 sur une croix, Dvorak transporte ses auditeurs vers une fin apais\u00e9e dans la lumi\u00e8re de l\u2019esp\u00e9rance : Une ouverture finale r\u00e9confortante en ces temps difficiles.<\/p>\n","rs":false},"id_deezer":"","type_deezer":"playlist","id_spotify":"","type_spotify":"playlist","id_youtube":"","image_background":false,"status_places_global":"available_place","status_places_global_custom":"","background_flag":"","button_label_custom":"","subtitle":"Stabat Mater de Dvo\u0159\u00e1k","acf_taxonomy_type":10,"event_description":"<p>Distribution :<\/p>\n<p><strong>Damien Sardet, direction.<\/strong><\/p>\n<p><strong>Irina Stopina, soprano<\/strong><\/p>\n<p><strong>Lauriane Tregan-Marcuz, alto<\/strong><\/p>\n<p><strong>Artavazd Sargsyan, t\u00e9nor<\/strong><\/p>\n<p><strong>Jaroslaw Kitala, basse<\/strong><\/p>\n<p><strong>L&rsquo;Ensemble Vocal d\u2019Aquitaine <\/strong><\/p>\n<p><strong>Le Choeur Symphonique Polifonia<\/strong><\/p>\n<p><strong>L&rsquo; Orchestre Aquitaine-Hauts de Garonne<\/strong><\/p>\n","price_start":"","price_text":"","sessions":[{"session_date":"2026-05-18 20:30:00","programmation_vente":"","status_event":"on_sale","status_event_custom":"","title_event_custom":"","ticketing":{"url_official":"https:\/\/my.weezevent.com\/stabat-mater-de-dvorak-1","priority_official":"","url_fnac":"","priority_fnac":"","url_digitick":"","priority_digitick":"","url_ticketmaster":"","priority_ticketmaster":"","url_custom":"","seller_custom":"","priority_custom":"","url_custom_2":"","seller_custom_2":"","priority_custom_2":""}}],"flexible_content":false,"list_offers":false,"list_offers_2":[{"icon":333,"titre":"R\u00e9servations PMR","description":"Afin de vous garantir un placement adapt\u00e9, les spectateurs \u00e0 mobilit\u00e9 r\u00e9duite sont invit\u00e9s \u00e0 signaler leur handicap et \u00e0 r\u00e9server leurs places directement aupr\u00e8s du num\u00e9ro ci-dessous<br \/>\r\n","link":{"title":"05 56 86 85 94","url":"#","target":""},"desactivate_background":false}],"gallery_media_v2":false,"event_pro":false},"yoast_head":"<!-- This site is optimized with the Yoast SEO plugin v20.1 - https:\/\/yoast.com\/wordpress\/plugins\/seo\/ -->\n<title>Polifonia Eliane Lavail - Pin Galant<\/title>\n<meta name=\"description\" content=\"Le chant choral Polifonia Eliane Lavail reprend Stabat Mater de Dvo\u0159\u00e1k le lundi 18 mai \u00e0 20h30 au Pin Galant.\" \/>\n<meta name=\"robots\" content=\"index, follow, max-snippet:-1, max-image-preview:large, max-video-preview:-1\" \/>\n<link rel=\"canonical\" href=\"https:\/\/www.lepingalant.com\/fr\/evenement\/polifonia-eliane-lavail-dvorak\/\" \/>\n<meta property=\"og:locale\" content=\"fr_FR\" \/>\n<meta property=\"og:type\" content=\"article\" \/>\n<meta property=\"og:title\" content=\"Polifonia Eliane Lavail - Pin Galant\" \/>\n<meta property=\"og:description\" content=\"Le chant choral Polifonia Eliane Lavail reprend Stabat Mater de Dvo\u0159\u00e1k le lundi 18 mai \u00e0 20h30 au Pin Galant.\" \/>\n<meta property=\"og:url\" content=\"https:\/\/www.lepingalant.com\/fr\/evenement\/polifonia-eliane-lavail-dvorak\/\" \/>\n<meta property=\"og:site_name\" content=\"Pin Galant\" \/>\n<meta property=\"article:modified_time\" content=\"2026-03-18T14:44:55+00:00\" \/>\n<meta name=\"twitter:card\" content=\"summary_large_image\" \/>\n<script type=\"application\/ld+json\" class=\"yoast-schema-graph\">{\"@context\":\"https:\/\/schema.org\",\"@graph\":[{\"@type\":\"WebPage\",\"@id\":\"https:\/\/www.lepingalant.com\/fr\/evenement\/polifonia-eliane-lavail-dvorak\/\",\"url\":\"https:\/\/www.lepingalant.com\/fr\/evenement\/polifonia-eliane-lavail-dvorak\/\",\"name\":\"Polifonia Eliane Lavail - Pin Galant\",\"isPartOf\":{\"@id\":\"https:\/\/www.lepingalant.com\/fr\/#website\"},\"datePublished\":\"2026-03-12T15:58:44+00:00\",\"dateModified\":\"2026-03-18T14:44:55+00:00\",\"description\":\"Le chant choral Polifonia Eliane Lavail reprend Stabat Mater de Dvo\u0159\u00e1k le lundi 18 mai \u00e0 20h30 au Pin Galant.\",\"breadcrumb\":{\"@id\":\"https:\/\/www.lepingalant.com\/fr\/evenement\/polifonia-eliane-lavail-dvorak\/#breadcrumb\"},\"inLanguage\":\"fr-FR\",\"potentialAction\":[{\"@type\":\"ReadAction\",\"target\":[\"https:\/\/www.lepingalant.com\/fr\/evenement\/polifonia-eliane-lavail-dvorak\/\"]}]},{\"@type\":\"BreadcrumbList\",\"@id\":\"https:\/\/www.lepingalant.com\/fr\/evenement\/polifonia-eliane-lavail-dvorak\/#breadcrumb\",\"itemListElement\":[{\"@type\":\"ListItem\",\"position\":1,\"name\":\"Home\",\"item\":\"https:\/\/www.lepingalant.com\/\"},{\"@type\":\"ListItem\",\"position\":2,\"name\":\"Polifonia Eliane Lavail\"}]},{\"@type\":\"WebSite\",\"@id\":\"https:\/\/www.lepingalant.com\/fr\/#website\",\"url\":\"https:\/\/www.lepingalant.com\/fr\/\",\"name\":\"Pin Galant\",\"description\":\"\",\"potentialAction\":[{\"@type\":\"SearchAction\",\"target\":{\"@type\":\"EntryPoint\",\"urlTemplate\":\"https:\/\/www.lepingalant.com\/fr\/?s={search_term_string}\"},\"query-input\":\"required name=search_term_string\"}],\"inLanguage\":\"fr-FR\"}]}<\/script>\n<!-- \/ Yoast SEO plugin. -->","yoast_head_json":{"title":"Polifonia Eliane Lavail - Pin Galant","description":"Le chant choral Polifonia Eliane Lavail reprend Stabat Mater de Dvo\u0159\u00e1k le lundi 18 mai \u00e0 20h30 au Pin Galant.","robots":{"index":"index","follow":"follow","max-snippet":"max-snippet:-1","max-image-preview":"max-image-preview:large","max-video-preview":"max-video-preview:-1"},"canonical":"https:\/\/www.lepingalant.com\/fr\/evenement\/polifonia-eliane-lavail-dvorak\/","og_locale":"fr_FR","og_type":"article","og_title":"Polifonia Eliane Lavail - Pin Galant","og_description":"Le chant choral Polifonia Eliane Lavail reprend Stabat Mater de Dvo\u0159\u00e1k le lundi 18 mai \u00e0 20h30 au Pin Galant.","og_url":"https:\/\/www.lepingalant.com\/fr\/evenement\/polifonia-eliane-lavail-dvorak\/","og_site_name":"Pin Galant","article_modified_time":"2026-03-18T14:44:55+00:00","twitter_card":"summary_large_image","schema":{"@context":"https:\/\/schema.org","@graph":[{"@type":"WebPage","@id":"https:\/\/www.lepingalant.com\/fr\/evenement\/polifonia-eliane-lavail-dvorak\/","url":"https:\/\/www.lepingalant.com\/fr\/evenement\/polifonia-eliane-lavail-dvorak\/","name":"Polifonia Eliane Lavail - Pin Galant","isPartOf":{"@id":"https:\/\/www.lepingalant.com\/fr\/#website"},"datePublished":"2026-03-12T15:58:44+00:00","dateModified":"2026-03-18T14:44:55+00:00","description":"Le chant choral Polifonia Eliane Lavail reprend Stabat Mater de Dvo\u0159\u00e1k le lundi 18 mai \u00e0 20h30 au Pin Galant.","breadcrumb":{"@id":"https:\/\/www.lepingalant.com\/fr\/evenement\/polifonia-eliane-lavail-dvorak\/#breadcrumb"},"inLanguage":"fr-FR","potentialAction":[{"@type":"ReadAction","target":["https:\/\/www.lepingalant.com\/fr\/evenement\/polifonia-eliane-lavail-dvorak\/"]}]},{"@type":"BreadcrumbList","@id":"https:\/\/www.lepingalant.com\/fr\/evenement\/polifonia-eliane-lavail-dvorak\/#breadcrumb","itemListElement":[{"@type":"ListItem","position":1,"name":"Home","item":"https:\/\/www.lepingalant.com\/"},{"@type":"ListItem","position":2,"name":"Polifonia Eliane Lavail"}]},{"@type":"WebSite","@id":"https:\/\/www.lepingalant.com\/fr\/#website","url":"https:\/\/www.lepingalant.com\/fr\/","name":"Pin Galant","description":"","potentialAction":[{"@type":"SearchAction","target":{"@type":"EntryPoint","urlTemplate":"https:\/\/www.lepingalant.com\/fr\/?s={search_term_string}"},"query-input":"required name=search_term_string"}],"inLanguage":"fr-FR"}]}},"_links":{"self":[{"href":"https:\/\/www.lepingalant.com\/fr\/wp-json\/wp\/v2\/event\/4021"}],"collection":[{"href":"https:\/\/www.lepingalant.com\/fr\/wp-json\/wp\/v2\/event"}],"about":[{"href":"https:\/\/www.lepingalant.com\/fr\/wp-json\/wp\/v2\/types\/event"}],"version-history":[{"count":7,"href":"https:\/\/www.lepingalant.com\/fr\/wp-json\/wp\/v2\/event\/4021\/revisions"}],"predecessor-version":[{"id":4041,"href":"https:\/\/www.lepingalant.com\/fr\/wp-json\/wp\/v2\/event\/4021\/revisions\/4041"}],"wp:attachment":[{"href":"https:\/\/www.lepingalant.com\/fr\/wp-json\/wp\/v2\/media?parent=4021"}],"curies":[{"name":"wp","href":"https:\/\/api.w.org\/{rel}","templated":true}]}}

<p>Les Tarifs :</p>
<ul>
<li><strong>Carré Or 32€ </strong></li>
<li><strong>Tarif normal 26€ </strong></li>
<li><strong>Tarif réduit (-26 ans, demandeurs d&#8217;emploi et accompagnants PMR) : 13€    </strong></li>
</ul>

Accès &amp; parking

Consignes de sécurité

À propos

<p>On lui doit des tubes mondialement connus et sa symphonie n° 9 « Du nouveau Monde » a même inspiré des stars de la pop comme Gainsbourg. La musique d’Antonin Dvorak, avec ses sons envoutants et ses longues lignes mélodiques est aussi accessible que lyrique. Son célèbre <strong><em>Stabat Mater </em></strong><em>en</em> est un exemple mais il se fait rare sur les grandes scènes en France.</p>
<p>&nbsp;</p>
<p>Dvorak immerge son public dans l’émotion d’une musique sacrée aux accents profondément humains. Composé dans la douleur de la perte de ses trois enfants entre 1875 et 1877, le Stabat Mater lui permit de faire entendre sa profonde tristesse et, en même temps, de la sublimer dans une expression musicale aussi sensible que nuancée. A travers le sujet de la mère du Christ qui pleure son fils cloué sur une croix, Dvorak transporte ses auditeurs vers une fin apaisée dans la lumière de l’espérance : Une ouverture finale réconfortante en ces temps difficiles.</p>

Stabat Mater de Dvořák

<p>Distribution :</p>
<p><strong>Damien Sardet, direction.</strong></p>
<p><strong>Irina Stopina, soprano</strong></p>
<p><strong>Lauriane Tregan-Marcuz, alto</strong></p>
<p><strong>Artavazd Sargsyan, ténor</strong></p>
<p><strong>Jaroslaw Kitala, basse</strong></p>
<p><strong>L&rsquo;Ensemble Vocal d’Aquitaine </strong></p>
<p><strong>Le Choeur Symphonique Polifonia</strong></p>
<p><strong>L&rsquo; Orchestre Aquitaine-Hauts de Garonne</strong></p>

Réservations PMR

Afin de vous garantir un placement adapté, les spectateurs à mobilité réduite sont invités à signaler leur handicap et à réserver leurs places directement auprès du numéro ci-dessous<br />

<!-- This site is optimized with the Yoast SEO plugin v20.1 - https://yoast.com/wordpress/plugins/seo/ -->
<title>Polifonia Eliane Lavail - Pin Galant</title>
<meta name="description" content="Le chant choral Polifonia Eliane Lavail reprend Stabat Mater de Dvořák le lundi 18 mai à 20h30 au Pin Galant." />
<meta name="robots" content="index, follow, max-snippet:-1, max-image-preview:large, max-video-preview:-1" />
<link rel="canonical" href="https://www.lepingalant.com/fr/evenement/polifonia-eliane-lavail-dvorak/" />
<meta property="og:locale" content="fr_FR" />
<meta property="og:type" content="article" />
<meta property="og:title" content="Polifonia Eliane Lavail - Pin Galant" />
<meta property="og:description" content="Le chant choral Polifonia Eliane Lavail reprend Stabat Mater de Dvořák le lundi 18 mai à 20h30 au Pin Galant." />
<meta property="og:url" content="https://www.lepingalant.com/fr/evenement/polifonia-eliane-lavail-dvorak/" />
<meta property="og:site_name" content="Pin Galant" />
<meta property="article:modified_time" content="2026-03-18T14:44:55+00:00" />
<meta name="twitter:card" content="summary_large_image" />
<script type="application/ld+json" class="yoast-schema-graph">{"@context":"https://schema.org","@graph":[{"@type":"WebPage","@id":"https://www.lepingalant.com/fr/evenement/polifonia-eliane-lavail-dvorak/","url":"https://www.lepingalant.com/fr/evenement/polifonia-eliane-lavail-dvorak/","name":"Polifonia Eliane Lavail - Pin Galant","isPartOf":{"@id":"https://www.lepingalant.com/fr/#website"},"datePublished":"2026-03-12T15:58:44+00:00","dateModified":"2026-03-18T14:44:55+00:00","description":"Le chant choral Polifonia Eliane Lavail reprend Stabat Mater de Dvořák le lundi 18 mai à 20h30 au Pin Galant.","breadcrumb":{"@id":"https://www.lepingalant.com/fr/evenement/polifonia-eliane-lavail-dvorak/#breadcrumb"},"inLanguage":"fr-FR","potentialAction":[{"@type":"ReadAction","target":["https://www.lepingalant.com/fr/evenement/polifonia-eliane-lavail-dvorak/"]}]},{"@type":"BreadcrumbList","@id":"https://www.lepingalant.com/fr/evenement/polifonia-eliane-lavail-dvorak/#breadcrumb","itemListElement":[{"@type":"ListItem","position":1,"name":"Home","item":"https://www.lepingalant.com/"},{"@type":"ListItem","position":2,"name":"Polifonia Eliane Lavail"}]},{"@type":"WebSite","@id":"https://www.lepingalant.com/fr/#website","url":"https://www.lepingalant.com/fr/","name":"Pin Galant","description":"","potentialAction":[{"@type":"SearchAction","target":{"@type":"EntryPoint","urlTemplate":"https://www.lepingalant.com/fr/?s={search_term_string}"},"query-input":"required name=search_term_string"}],"inLanguage":"fr-FR"}]}</script>
<!-- / Yoast SEO plugin. -->

Le chant choral Polifonia Eliane Lavail reprend Stabat Mater de Dvořák le lundi 18 mai à 20h30 au Pin Galant.
