 {"id":811,"date":"2025-04-20T15:15:59","date_gmt":"2025-04-20T13:15:59","guid":{"rendered":"https:\/\/www.lepingalant.com\/?post_type=event&#038;p=811"},"modified":"2025-11-05T17:27:38","modified_gmt":"2025-11-05T16:27:38","slug":"les-temeraires","status":"publish","type":"event","link":"https:\/\/www.lepingalant.com\/fr\/evenement\/les-temeraires\/","title":{"rendered":"Les T\u00e9m\u00e9raires"},"featured_media":0,"template":"","acf":{"event_code":"event-6804f329cbaed","image_cover":{"id":606,"url":"https:\/\/www.lepingalant.com\/wp-content\/uploads\/25\/2025\/04\/LES-TEMERAIRES-1-scaled.jpg","title":"LES T\u00c9M\u00c9RAIRES (1)","alt":"","sizes":{"thumbnail":"https:\/\/www.lepingalant.com\/wp-content\/uploads\/25\/2025\/04\/LES-TEMERAIRES-1-150x150.jpg","medium":"https:\/\/www.lepingalant.com\/wp-content\/uploads\/25\/2025\/04\/LES-TEMERAIRES-1-200x300.jpg","large":"https:\/\/www.lepingalant.com\/wp-content\/uploads\/25\/2025\/04\/LES-TEMERAIRES-1-683x1024.jpg","full":"https:\/\/www.lepingalant.com\/wp-content\/uploads\/25\/2025\/04\/LES-TEMERAIRES-1-scaled.jpg"},"width":1707,"height":2560},"informations_pratiques":{"icon":704,"title":"Informations pratiques","description":"<p>DUR\u00c9E : 1H30<br \/>\n\u00c0 PARTIR DE 12 ANS<\/p>\n<p><strong>S\u00e9ance scolaire le 18 novembre \u00e0 14H30 &amp; <a href=\"https:\/\/www.lepingalant.com\/billets-reservations\/\">S\u00e9ance partag\u00e9e<\/a><\/strong><\/p>\n<hr \/>\n<p>PROMO -30% :<\/p>\n<p>G\u00c9N\u00c9RAL : 28 \u20ac<br \/>\nR\u00c9DUIT ET PRIVIL\u00c8GE : 24 \u20ac<br \/>\nENFANTS ET \u00c9TUDIANTS : 11 \u20ac<br \/>\nSCOLAIRES : 10 \u20ac<\/p>\n","button":[{"link":{"title":"Acc\u00e8s &amp; parking","url":"https:\/\/www.lepingalant.com\/acces-parking\/","target":"_blank"}},{"link":{"title":"Bar &amp; Restauration","url":"https:\/\/www.lepingalant.com\/bar-restauration\/","target":"_blank"}},{"link":{"title":"Consignes de s\u00e9curit\u00e9s","url":"https:\/\/www.lepingalant.com\/consignes-de-securites\/","target":"_blank"}},{"link":{"title":"Infos Tarifs","url":"https:\/\/www.lepingalant.com\/les-tarifs\/","target":"_blank"}}]},"about_us":{"title":"\u00c0 propos","description":"<p data-start=\"79\" data-end=\"326\"><strong>L\u2019un des scandales judiciaires fran\u00e7ais les plus marquants du XXe si\u00e8cle vu par le prisme de deux des plus grands artistes hexagonaux : \u00c9mile Zola et Georges M\u00e9li\u00e8s se retrouvent \u00e0 couvrir l\u2019Affaire Dreyfus dans une lutte pour la v\u00e9rit\u00e9. <\/strong><strong>Si la d\u00e9faite semble toute trac\u00e9e, leur courage en aura d\u00e9cid\u00e9 autrement.<\/strong><\/p>\n<p data-start=\"405\" data-end=\"510\">1894, l\u2019Affaire Dreyfus divise la France. Un Capitaine est accus\u00e9 d\u2019espionnage et d\u00e9clar\u00e9 coupable.<\/p>\n<p data-start=\"512\" data-end=\"610\">En plein succ\u00e8s litt\u00e9raire et contre l\u2019avis de son \u00e9diteur, Zola enqu\u00eate sur le cas Dreyfus.<\/p>\n<p data-start=\"612\" data-end=\"699\">Depuis son studio de cin\u00e9ma, M\u00e9li\u00e8s, lui, s\u2019engage \u00e0 d\u00e9noncer un mensonge d\u2019\u00c9tat.<\/p>\n<p data-start=\"701\" data-end=\"851\">Malgr\u00e9 les menaces et soutenus par leurs femmes, l\u2019un \u00e9crit l\u2019article le plus connu de l\u2019histoire, l\u2019autre r\u00e9alise le premier film censur\u00e9 au monde.<\/p>\n<p data-start=\"853\" data-end=\"1017\">Fausses rumeurs et antis\u00e9mitisme n\u2019arr\u00eatent pas ces \u00ab T\u00e9m\u00e9raires \u00bb, qui, arm\u00e9s de leur courage et d\u2019un sens du devoir hors du commun, font \u00e9clater la v\u00e9rit\u00e9 ! L\u2019Histoire est en marche, rien ne l\u2019arr\u00eatera plus.<\/p>\n<p data-start=\"1077\" data-end=\"1193\">Avec sept merveilleux com\u00e9diens qui interpr\u00e8tent trente personnages, la pi\u00e8ce m\u00e9lange habilement drame et com\u00e9die. L\u2019Art \u00e0 l\u2019assaut du pouvoir !<\/p>\n","rs":false},"id_deezer":"","type_deezer":"playlist","id_spotify":"","type_spotify":"playlist","id_youtube":"Qa8drs83gIM","image_background":{"id":607,"url":"https:\/\/www.lepingalant.com\/wp-content\/uploads\/25\/2025\/04\/LES-TEMERAIRES-2.jpg","title":"LES T\u00c9M\u00c9RAIRES (2)","alt":"","sizes":{"thumbnail":"https:\/\/www.lepingalant.com\/wp-content\/uploads\/25\/2025\/04\/LES-TEMERAIRES-2-150x150.jpg","medium":"https:\/\/www.lepingalant.com\/wp-content\/uploads\/25\/2025\/04\/LES-TEMERAIRES-2-300x150.jpg","large":"https:\/\/www.lepingalant.com\/wp-content\/uploads\/25\/2025\/04\/LES-TEMERAIRES-2-1024x512.jpg","full":"https:\/\/www.lepingalant.com\/wp-content\/uploads\/25\/2025\/04\/LES-TEMERAIRES-2.jpg"},"width":1400,"height":700},"status_places_global":"available_place","status_places_global_custom":"","background_flag":"","button_label_custom":"","subtitle":"","acf_taxonomy_type":35,"event_description":"<p><strong>COM\u00c9DIE<\/strong> <strong>HISTORIQUE<\/strong> <strong>DE : <\/strong>JULIEN DELPECH ET ALEXANDRE FOULON<br \/>\n<strong>CR\u00c9ATION : <\/strong>SEPTEMBRE 2023 AU TH\u00c9\u00c2TRE DE LA COM\u00c9DIE BASTILLE \/ PARIS<br \/>\n<strong>MISE<\/strong> <strong>EN<\/strong> <strong>SC\u00c8NE<\/strong> <strong>: <\/strong>CHARLOTTE MATZNEFF ASSIST\u00c9E DE MANOULIA JEANNE<br \/>\n<strong>SON : <\/strong>MEHDI BOURAYOU<br \/>\n<strong>COSTUMES : <\/strong>CORINNE ROSSI<br \/>\n<strong>LUMI\u00c8RES : <\/strong>MO\u00cfSE HILL<br \/>\n<strong>D\u00c9CORS : <\/strong>ANTOINE MILIAN<br \/>\n<strong>AVEC : <\/strong>ROMAIN LAGARDE, ST\u00c9PHANE DAUCH, THIBAULT SOMMAIN, ANTOINE GUIRAUD, SANDRINE SEUBILLE, BARBARA LAMBALLAIS ET ARMANCE GALPIN<\/p>\n<p>&nbsp;<\/p>\n<h3><strong>Etudiants, Retrait\u00e9s\u2026 Venez partager la sc\u00e8ne pour 15\u20ac ! <\/strong><\/h3>\n<p class=\"xmsonormal\"><strong>Le Pin Galant propose une repr\u00e9sentation \u00e0 14h30.<\/strong><\/p>\n<p class=\"xmsonormal\">Cette s\u00e9ance est ouverte uniquement aux \u00e9tudiants de \u2013 26 ans, demandeurs d\u2019emploi, allocataires RSA, personnes \u00e0 partir de \u00a060 ans (sur justificatif).<br \/>\nEn vente exclusivement, au guichet ou par t\u00e9l\u00e9phone, du lundi au vendredi de 11h \u00e0 18h au 05 56 97 82 82.<\/p>\n","price_start":"","price_text":"","sessions":[{"session_date":"2025-11-18 20:30:00","programmation_vente":"","status_event":"on_sale","status_event_custom":"","title_event_custom":"","ticketing":{"url_official":"https:\/\/lepingalant.notre-billetterie.com\/billets?seance=3773","priority_official":"","url_fnac":"","priority_fnac":"","url_digitick":"","priority_digitick":"","url_ticketmaster":"","priority_ticketmaster":"","url_custom":"","seller_custom":"","priority_custom":"","url_custom_2":"","seller_custom_2":"","priority_custom_2":""}}],"flexible_content":false,"list_offers":false,"list_offers_2":[{"icon":333,"titre":"R\u00e9servation PMR","description":"Afin de vous garantir un placement adapt\u00e9, les spectateurs \u00e0 mobilit\u00e9 r\u00e9duite sont invit\u00e9s \u00e0 signaler leur handicap et \u00e0 r\u00e9server leurs places directement aupr\u00e8s du service billetterie.","link":{"title":"N\u00b0Billetterie : 05 56 97 82 82","url":"#","target":"_blank"},"desactivate_background":false},{"icon":1677,"titre":"M\u00e9diation culturelle","description":"Pour les coll\u00e9giens et lyc\u00e9ens","link":{"title":"Alexandra Jouffroy \/ rp@lepingalant.com","url":"#","target":""},"desactivate_background":false},{"icon":712,"titre":"Ticketswap","description":"Besoin de revendre votre billet ? Vous cherchez une place ?","link":{"title":"Je recherche ","url":"https:\/\/www.ticketswap.fr\/location\/le-pin-galant\/15075","target":"_blank"},"desactivate_background":false}],"gallery_media_v2":false,"event_pro":false},"yoast_head":"<!-- This site is optimized with the Yoast SEO plugin v20.1 - https:\/\/yoast.com\/wordpress\/plugins\/seo\/ -->\n<title>Les T\u00e9m\u00e9raires - Pin Galant - 18\/11\/2025 - Billetterie officielle<\/title>\n<meta name=\"description\" content=\"L\u2019un des scandales judiciaires fran\u00e7ais les plus marquants du XXe si\u00e8cle vu par le prisme de deux des plus grands artistes hexagonaux !\" \/>\n<meta name=\"robots\" content=\"index, follow, max-snippet:-1, max-image-preview:large, max-video-preview:-1\" \/>\n<link rel=\"canonical\" href=\"https:\/\/www.lepingalant.com\/fr\/evenement\/les-temeraires\/\" \/>\n<meta property=\"og:locale\" content=\"fr_FR\" \/>\n<meta property=\"og:type\" content=\"article\" \/>\n<meta property=\"og:title\" content=\"Les T\u00e9m\u00e9raires - Pin Galant - 18\/11\/2025 - Billetterie officielle\" \/>\n<meta property=\"og:description\" content=\"L\u2019un des scandales judiciaires fran\u00e7ais les plus marquants du XXe si\u00e8cle vu par le prisme de deux des plus grands artistes hexagonaux !\" \/>\n<meta property=\"og:url\" content=\"https:\/\/www.lepingalant.com\/fr\/evenement\/les-temeraires\/\" \/>\n<meta property=\"og:site_name\" content=\"Pin Galant\" \/>\n<meta property=\"article:modified_time\" content=\"2025-11-05T16:27:38+00:00\" \/>\n<meta name=\"twitter:card\" content=\"summary_large_image\" \/>\n<script type=\"application\/ld+json\" class=\"yoast-schema-graph\">{\"@context\":\"https:\/\/schema.org\",\"@graph\":[{\"@type\":\"WebPage\",\"@id\":\"https:\/\/www.lepingalant.com\/fr\/evenement\/les-temeraires\/\",\"url\":\"https:\/\/www.lepingalant.com\/fr\/evenement\/les-temeraires\/\",\"name\":\"Les T\u00e9m\u00e9raires - Pin Galant - 18\/11\/2025 - Billetterie officielle\",\"isPartOf\":{\"@id\":\"https:\/\/www.lepingalant.com\/fr\/#website\"},\"datePublished\":\"2025-04-20T13:15:59+00:00\",\"dateModified\":\"2025-11-05T16:27:38+00:00\",\"description\":\"L\u2019un des scandales judiciaires fran\u00e7ais les plus marquants du XXe si\u00e8cle vu par le prisme de deux des plus grands artistes hexagonaux !\",\"breadcrumb\":{\"@id\":\"https:\/\/www.lepingalant.com\/fr\/evenement\/les-temeraires\/#breadcrumb\"},\"inLanguage\":\"fr-FR\",\"potentialAction\":[{\"@type\":\"ReadAction\",\"target\":[\"https:\/\/www.lepingalant.com\/fr\/evenement\/les-temeraires\/\"]}]},{\"@type\":\"BreadcrumbList\",\"@id\":\"https:\/\/www.lepingalant.com\/fr\/evenement\/les-temeraires\/#breadcrumb\",\"itemListElement\":[{\"@type\":\"ListItem\",\"position\":1,\"name\":\"Home\",\"item\":\"https:\/\/www.lepingalant.com\/\"},{\"@type\":\"ListItem\",\"position\":2,\"name\":\"Les T\u00e9m\u00e9raires\"}]},{\"@type\":\"WebSite\",\"@id\":\"https:\/\/www.lepingalant.com\/fr\/#website\",\"url\":\"https:\/\/www.lepingalant.com\/fr\/\",\"name\":\"Pin Galant\",\"description\":\"\",\"potentialAction\":[{\"@type\":\"SearchAction\",\"target\":{\"@type\":\"EntryPoint\",\"urlTemplate\":\"https:\/\/www.lepingalant.com\/fr\/?s={search_term_string}\"},\"query-input\":\"required name=search_term_string\"}],\"inLanguage\":\"fr-FR\"}]}<\/script>\n<!-- \/ Yoast SEO plugin. -->","yoast_head_json":{"title":"Les T\u00e9m\u00e9raires - Pin Galant - 18\/11\/2025 - Billetterie officielle","description":"L\u2019un des scandales judiciaires fran\u00e7ais les plus marquants du XXe si\u00e8cle vu par le prisme de deux des plus grands artistes hexagonaux !","robots":{"index":"index","follow":"follow","max-snippet":"max-snippet:-1","max-image-preview":"max-image-preview:large","max-video-preview":"max-video-preview:-1"},"canonical":"https:\/\/www.lepingalant.com\/fr\/evenement\/les-temeraires\/","og_locale":"fr_FR","og_type":"article","og_title":"Les T\u00e9m\u00e9raires - Pin Galant - 18\/11\/2025 - Billetterie officielle","og_description":"L\u2019un des scandales judiciaires fran\u00e7ais les plus marquants du XXe si\u00e8cle vu par le prisme de deux des plus grands artistes hexagonaux !","og_url":"https:\/\/www.lepingalant.com\/fr\/evenement\/les-temeraires\/","og_site_name":"Pin Galant","article_modified_time":"2025-11-05T16:27:38+00:00","twitter_card":"summary_large_image","schema":{"@context":"https:\/\/schema.org","@graph":[{"@type":"WebPage","@id":"https:\/\/www.lepingalant.com\/fr\/evenement\/les-temeraires\/","url":"https:\/\/www.lepingalant.com\/fr\/evenement\/les-temeraires\/","name":"Les T\u00e9m\u00e9raires - Pin Galant - 18\/11\/2025 - Billetterie officielle","isPartOf":{"@id":"https:\/\/www.lepingalant.com\/fr\/#website"},"datePublished":"2025-04-20T13:15:59+00:00","dateModified":"2025-11-05T16:27:38+00:00","description":"L\u2019un des scandales judiciaires fran\u00e7ais les plus marquants du XXe si\u00e8cle vu par le prisme de deux des plus grands artistes hexagonaux !","breadcrumb":{"@id":"https:\/\/www.lepingalant.com\/fr\/evenement\/les-temeraires\/#breadcrumb"},"inLanguage":"fr-FR","potentialAction":[{"@type":"ReadAction","target":["https:\/\/www.lepingalant.com\/fr\/evenement\/les-temeraires\/"]}]},{"@type":"BreadcrumbList","@id":"https:\/\/www.lepingalant.com\/fr\/evenement\/les-temeraires\/#breadcrumb","itemListElement":[{"@type":"ListItem","position":1,"name":"Home","item":"https:\/\/www.lepingalant.com\/"},{"@type":"ListItem","position":2,"name":"Les T\u00e9m\u00e9raires"}]},{"@type":"WebSite","@id":"https:\/\/www.lepingalant.com\/fr\/#website","url":"https:\/\/www.lepingalant.com\/fr\/","name":"Pin Galant","description":"","potentialAction":[{"@type":"SearchAction","target":{"@type":"EntryPoint","urlTemplate":"https:\/\/www.lepingalant.com\/fr\/?s={search_term_string}"},"query-input":"required name=search_term_string"}],"inLanguage":"fr-FR"}]}},"_links":{"self":[{"href":"https:\/\/www.lepingalant.com\/fr\/wp-json\/wp\/v2\/event\/811"}],"collection":[{"href":"https:\/\/www.lepingalant.com\/fr\/wp-json\/wp\/v2\/event"}],"about":[{"href":"https:\/\/www.lepingalant.com\/fr\/wp-json\/wp\/v2\/types\/event"}],"version-history":[{"count":22,"href":"https:\/\/www.lepingalant.com\/fr\/wp-json\/wp\/v2\/event\/811\/revisions"}],"predecessor-version":[{"id":3181,"href":"https:\/\/www.lepingalant.com\/fr\/wp-json\/wp\/v2\/event\/811\/revisions\/3181"}],"wp:attachment":[{"href":"https:\/\/www.lepingalant.com\/fr\/wp-json\/wp\/v2\/media?parent=811"}],"curies":[{"name":"wp","href":"https:\/\/api.w.org\/{rel}","templated":true}]}}

Les Téméraires

LES TÉMÉRAIRES (1)

<p>DURÉE : 1H30<br />
À PARTIR DE 12 ANS</p>
<p><strong>Séance scolaire le 18 novembre à 14H30 &amp; <a href="https://www.lepingalant.com/billets-reservations/">Séance partagée</a></strong></p>
<hr />
<p>PROMO -30% :</p>
<p>GÉNÉRAL : 28 €<br />
RÉDUIT ET PRIVILÈGE : 24 €<br />
ENFANTS ET ÉTUDIANTS : 11 €<br />
SCOLAIRES : 10 €</p>

Accès &amp; parking

Consignes de sécurités

À propos

<p data-start="79" data-end="326"><strong>L’un des scandales judiciaires français les plus marquants du XXe siècle vu par le prisme de deux des plus grands artistes hexagonaux : Émile Zola et Georges Méliès se retrouvent à couvrir l’Affaire Dreyfus dans une lutte pour la vérité. </strong><strong>Si la défaite semble toute tracée, leur courage en aura décidé autrement.</strong></p>
<p data-start="405" data-end="510">1894, l’Affaire Dreyfus divise la France. Un Capitaine est accusé d’espionnage et déclaré coupable.</p>
<p data-start="512" data-end="610">En plein succès littéraire et contre l’avis de son éditeur, Zola enquête sur le cas Dreyfus.</p>
<p data-start="612" data-end="699">Depuis son studio de cinéma, Méliès, lui, s’engage à dénoncer un mensonge d’État.</p>
<p data-start="701" data-end="851">Malgré les menaces et soutenus par leurs femmes, l’un écrit l’article le plus connu de l’histoire, l’autre réalise le premier film censuré au monde.</p>
<p data-start="853" data-end="1017">Fausses rumeurs et antisémitisme n’arrêtent pas ces « Téméraires », qui, armés de leur courage et d’un sens du devoir hors du commun, font éclater la vérité ! L’Histoire est en marche, rien ne l’arrêtera plus.</p>
<p data-start="1077" data-end="1193">Avec sept merveilleux comédiens qui interprètent trente personnages, la pièce mélange habilement drame et comédie. L’Art à l’assaut du pouvoir !</p>

LES TÉMÉRAIRES (2)

<p><strong>COMÉDIE</strong> <strong>HISTORIQUE</strong> <strong>DE : </strong>JULIEN DELPECH ET ALEXANDRE FOULON<br />
<strong>CRÉATION : </strong>SEPTEMBRE 2023 AU THÉÂTRE DE LA COMÉDIE BASTILLE / PARIS<br />
<strong>MISE</strong> <strong>EN</strong> <strong>SCÈNE</strong> <strong>: </strong>CHARLOTTE MATZNEFF ASSISTÉE DE MANOULIA JEANNE<br />
<strong>SON : </strong>MEHDI BOURAYOU<br />
<strong>COSTUMES : </strong>CORINNE ROSSI<br />
<strong>LUMIÈRES : </strong>MOÏSE HILL<br />
<strong>DÉCORS : </strong>ANTOINE MILIAN<br />
<strong>AVEC : </strong>ROMAIN LAGARDE, STÉPHANE DAUCH, THIBAULT SOMMAIN, ANTOINE GUIRAUD, SANDRINE SEUBILLE, BARBARA LAMBALLAIS ET ARMANCE GALPIN</p>
<p>&nbsp;</p>
<h3><strong>Etudiants, Retraités… Venez partager la scène pour 15€ ! </strong></h3>
<p class="xmsonormal"><strong>Le Pin Galant propose une représentation à 14h30.</strong></p>
<p class="xmsonormal">Cette séance est ouverte uniquement aux étudiants de – 26 ans, demandeurs d’emploi, allocataires RSA, personnes à partir de  60 ans (sur justificatif).<br />
En vente exclusivement, au guichet ou par téléphone, du lundi au vendredi de 11h à 18h au 05 56 97 82 82.</p>

Réservation PMR

Afin de vous garantir un placement adapté, les spectateurs à mobilité réduite sont invités à signaler leur handicap et à réserver leurs places directement auprès du service billetterie.

Médiation culturelle

Pour les collégiens et lycéens

<!-- This site is optimized with the Yoast SEO plugin v20.1 - https://yoast.com/wordpress/plugins/seo/ -->
<title>Les Téméraires - Pin Galant - 18/11/2025 - Billetterie officielle</title>
<meta name="description" content="L’un des scandales judiciaires français les plus marquants du XXe siècle vu par le prisme de deux des plus grands artistes hexagonaux !" />
<meta name="robots" content="index, follow, max-snippet:-1, max-image-preview:large, max-video-preview:-1" />
<link rel="canonical" href="https://www.lepingalant.com/fr/evenement/les-temeraires/" />
<meta property="og:locale" content="fr_FR" />
<meta property="og:type" content="article" />
<meta property="og:title" content="Les Téméraires - Pin Galant - 18/11/2025 - Billetterie officielle" />
<meta property="og:description" content="L’un des scandales judiciaires français les plus marquants du XXe siècle vu par le prisme de deux des plus grands artistes hexagonaux !" />
<meta property="og:url" content="https://www.lepingalant.com/fr/evenement/les-temeraires/" />
<meta property="og:site_name" content="Pin Galant" />
<meta property="article:modified_time" content="2025-11-05T16:27:38+00:00" />
<meta name="twitter:card" content="summary_large_image" />
<script type="application/ld+json" class="yoast-schema-graph">{"@context":"https://schema.org","@graph":[{"@type":"WebPage","@id":"https://www.lepingalant.com/fr/evenement/les-temeraires/","url":"https://www.lepingalant.com/fr/evenement/les-temeraires/","name":"Les Téméraires - Pin Galant - 18/11/2025 - Billetterie officielle","isPartOf":{"@id":"https://www.lepingalant.com/fr/#website"},"datePublished":"2025-04-20T13:15:59+00:00","dateModified":"2025-11-05T16:27:38+00:00","description":"L’un des scandales judiciaires français les plus marquants du XXe siècle vu par le prisme de deux des plus grands artistes hexagonaux !","breadcrumb":{"@id":"https://www.lepingalant.com/fr/evenement/les-temeraires/#breadcrumb"},"inLanguage":"fr-FR","potentialAction":[{"@type":"ReadAction","target":["https://www.lepingalant.com/fr/evenement/les-temeraires/"]}]},{"@type":"BreadcrumbList","@id":"https://www.lepingalant.com/fr/evenement/les-temeraires/#breadcrumb","itemListElement":[{"@type":"ListItem","position":1,"name":"Home","item":"https://www.lepingalant.com/"},{"@type":"ListItem","position":2,"name":"Les Téméraires"}]},{"@type":"WebSite","@id":"https://www.lepingalant.com/fr/#website","url":"https://www.lepingalant.com/fr/","name":"Pin Galant","description":"","potentialAction":[{"@type":"SearchAction","target":{"@type":"EntryPoint","urlTemplate":"https://www.lepingalant.com/fr/?s={search_term_string}"},"query-input":"required name=search_term_string"}],"inLanguage":"fr-FR"}]}</script>
<!-- / Yoast SEO plugin. -->

Les Téméraires - Pin Galant - 18/11/2025 - Billetterie officielle

L’un des scandales judiciaires français les plus marquants du XXe siècle vu par le prisme de deux des plus grands artistes hexagonaux !
